ulate b(-2).
-7
Let g(n) = 4*n**2 + 75*n - 106. Determine g(-20).
-6
Let a(p) = -2*p**2 + 20*p - 8. Give a(0).
-8
Let c(r) = 3*r**2 + 10*r - 6. What is c(-4)?
2
Let p(g) = -g - 33. Calculate p(0).
-33
Let i(h) = -h**2 + 15*h + 53. What is i(-3)?
-1
Let q(l) = l**3 + 3*l**2 - 29*l + 2. What is q(4)?
-2
Let j(q) = 3*q + 41. Determine j(-14).
-1
Let v(z) = -z**3 - 7*z**2 - 7*z. What is v(-8)?
120
Let v(p) = p**3 - 16*p**2 + 6*p - 35. Give v(16).
61
Let x(k) = 2*k**3 + 9*k**2 + 10*k + 2. What is x(-2)?
2
Let v(d) = -2*d + 3. Calculate v(0).
3
Let g(n) = -n**2 - 2*n + 1. Calculate g(2).
-7
Let o(z) = -4*z**2 - z - 8. Give o(4).
-76
Let c(r) = -r + 10. What is c(-13)?
23
Let c(a) = a**3 - a**2 - 5*a + 5. What is c(3)?
8
Let k(y) = 6*y. Determine k(-6).
-36
Let l(w) = w**3 - 28*w**2 - 25*w - 111. Determine l(29).
5
Let b(o) = 5*o**2 - 11*o - 37. Calculate b(-3).
41
Let n(c) = -c**3 - 17*c**2 - 30*c - 31. What is n(-15)?
-31
Let c(v) = -v**3 - 38*v**2 - 36*v + 72. Determine c(-37).
35
Let q(t) = 7*t + 2. Determine q(0).
2
Let z(o) = o**2 + 13*o - 10. Calculate z(-14).
4
Let y(u) = -u**2 - 9*u + 7. Give y(-9).
7
Let b(y) = y**3 + 15*y**2 - 50*y + 74. Determine b(-18).
2
Let g(v) = -45*v**2 - v - 2. What is g(-1)?
-46
Let c(v) = 2*v**2 - 18*v - 73. Give c(12).
-1
Let g(o) = o**3 - 4*o**2 + 3*o - 7. What is g(3)?
-7
Let d(n) = -n**2 + 6*n - 3. Calculate d(7).
-10
Let q(r) = r**3 + 19*r**2 - 42*r + 3. Calculate q(-21).
3
Let c(u) = u**3 - 7*u**2 - 6*u - 3. Calculate c(8).
13
Let t(s) = s**3 - s**2 - 10*s + 10. What is t(-3)?
4
Let l(n) = n**2 - 6*n + 15. Give l(6).
15
Let x(b) = b**3 + 14*b**2 + b - 27. Give x(-14).
-41
Let b(h) = h**3 + h**2 + 3*h - 3. What is b(1)?
2
Let c(u) = -u**3 + 8*u**2 + 11*u + 3. Determine c(9).
21
Let c(z) = z**3 - 3*z**2 + z + 3. What is c(2)?
1
Let z(o) = o**2 - 10*o. Calculate z(7).
-21
Let j(f) = 2*f**2 - 7*f - 48. What is j(-4)?
12
Let k(m) = m - 34. Give k(13).
-21
Let g(l) = 312*l + 1880. Determine g(-6).
8
Let z(b) = -b**3 + 5*b - 6. Calculate z(2).
-4
Let c(t) = t**3 - 6*t**2 + 2*t - 17. Calculate c(6).
-5
Let c(d) = 250*d + 253. Give c(-1).
3
Let l(h) = h**3 - 7*h**2 + h + 3. Give l(7).
10
Let d(b) = -9*b + 24. What is d(11)?
-75
Let b(v) = -9*v + 164. Determine b(18).
2
Let m(r) = -r - 2. Give m(2).
-4
Let f(y) = y**2 + 17*y + 48. Calculate f(-9).
-24
Let c(t) = 3*t**3 - 1. Give c(1).
2
Let f(x) = x**2 - 3*x - 193. Give f(0).
-193
Let p(b) = b**3 + 8*b**2 + 5*b - 13. Give p(-7).
1
Let w(q) = 4*q - 191. Determine w(45).
-11
Let h(x) = -4*x. Determine h(2).
-8
Let y(f) = f**3 - 3*f**2 - 7*f + 2. What is y(5)?
17
Let a(v) = v**3 - 3*v**2 - 5*v + 14. Determine a(3).
-1
Let y(x) = -x**3 - 3*x**2 - 5*x - 7. Give y(-5).
68
Let o(y) = 32*y - 124. What is o(4)?
4
Let t(d) = d**3 - 50*d**2 + d - 55. Give t(50).
-5
Let w(r) = -3*r - 7. What is w(-6)?
11
Let j(n) = n**2 + 12*n - 4. Calculate j(-8).
-36
Let v(z) = -z + 1. Give v(0).
1
Let q(v) = -v**2 + 6*v + 13. Calculate q(6).
13
Let k(p) = 3*p + 2. Determine k(21).
65
Let x(j) = -j**3 - 6*j**2 + 9*j + 7. Calculate x(-7).
-7
Let z(j) = j**2 - 5*j + 4. Determine z(3).
-2
Let v(p) = -p**3 + 30*p**2 - 29*p - 45. Calculate v(29).
-45
Let l(p) = 4*p - 2. Calculate l(2).
6
Let c(w) = -24*w**2 - 10*w + 7. What is c(1)?
-27
Let m(u) = -3*u - 4. Calculate m(-7).
17
Let b(f) = -f**2 - 10*f - 21. What is b(-6)?
3
Let d(c) = 4*c - 1. What is d(2)?
7
Let j(x) = x**2 + 55*x - 972. Give j(14).
-6
Let a(f) = -10*f - 52. Give a(-4).
-12
Let v(i) = 14*i + 632. What is v(-45)?
2
Let f(m) = m**3 - 8*m**2 - m + 4. Give f(0).
4
Let a(g) = -5*g - 8. Give a(5).
-33
Let u(i) = i**2 - 63*i - 3. What is u(0)?
-3
Let f(z) = -2*z + 5. What is f(-7)?
19
Let f(k) = -31*k + 2. Determine f(2).
-60
Let c(q) = 45*q + 79. Give c(-2).
-11
Let s(t) = t**2 - 4*t - 4. Give s(-2).
8
Let r(h) = 3*h**2 + h + 4. Determine r(0).
4
Let s(m) = -m**3 - 7*m**2 + 7*m - 7. Determine s(-8).
1
Let w(l) = l**2 - l + 5. What is w(4)?
17
Let a(c) = -5*c + 119. Calculate a(26).
-11
Let v(y) = 10*y**3 + 2*y**2 - y - 2. Give v(-1).
-9
Let m(r) = 4*r**2 + 8*r - 6. What is m(3)?
54
Let f(d) = -d**2 - 5*d - 6. Calculate f(-5).
-6
Let q(l) = -9*l + 12. Calculate q(6).
-42
Let o(a) = 4*a + 73. What is o(-13)?
21
Let s(x) = 9*x - 5. Give s(-4).
-41
Let o(m) = -m**2 + 2*m + 3. Give o(-4).
-21
Let n(l) = l**3 - 5*l**2 - 7*l + 40. Determine n(5).
5
Let r(w) = -3*w - 22. Give r(-9).
5
Let t(z) = z**2 - 68*z + 1032. Determine t(23).
-3
Let y(n) = n**3 + 7*n**2 - 9*n + 6. Give y(-8).
14
Let p(m) = 7*m - 107. Calculate p(13).
-16
Let l(i) = -16*i**2 + 2*i + 1. Give l(2).
-59
Let b(q) = -2*q**3 - 4*q**2 - 2*q + 1. Calculate b(-1).
1
Let w(u) = 2*u - 67. Determine w(22).
-23
Let f(n) = 29*n - 112. Give f(4).
4
Let c(w) = w**2 + 2*w - 2. What is c(-9)?
61
Let h(v) = -v**2 + 14*v + 114. Determine h(-6).
-6
Let m(i) = i**2 + i + 47. What is m(0)?
47
Let t(j) = j**2 + 10*j - 22. Calculate t(-12).
2
Let w(r) = 3*r**2 - 2*r. Give w(-2).
16
Let f(g) = -5*g + 9. Calculate f(4).
-11
Let k(g) = -43*g - 379. Calculate k(-9).
8
Let z(o) = o + 12. Give z(15).
27
Let m(r) = -r**2 - 26*r + 47. What is m(-25)?
72
Let n(s) = 2*s**3 - 4*s**2 + 5*s - 2. Give n(3).
31
Let j(y) = 15*y + 189. Calculate j(-14).
-21
Let c(d) = 21*d + 15. Give c(8).
183
Let f(r) = -3*r**2 - 2. Calculate f(0).
-2
Let l(p) = 2*p. Give l(-5).
-10
Let t(b) = -8*b - 28. What is t(-3)?
-4
Let t(v) = -4*v + 3. Calculate t(0).
3
Let w(y) = -y**2 - 22*y - 1. Give w(-22).
-1
Let y(g) = g + 4. What is y(6)?
10
Let l(y) = -9*y + 66. What is l(15)?
-69
Let q(s) = -4*s**2 + s + 1. Determine q(-1).
-4
Let w(i) = -i - 69. What is w(0)?
-69
Let q(a) = 2*a**2 - 44*a + 34. Give q(21).
-8
Let n(u) = -29*u + 9. Calculate n(2).
-49
Let q(k) = k**2 + k - 6. What is q(-5)?
14
Let q(g) = -g**2 + 11*g + 1. Determine q(7).
29
Let m(y) = y**2 - 11*y + 2. Determine m(10).
-8
Let d(w) = -23*w - 5. What is d(3)?
-74
Let q(y) = -y**2 - 14*y + 1. Determine q(-11).
34
Let d(x) = x + 3. Determine d(-4).
-1
Let q(t) = -10*t**2 - t. Give q(-1).
-9
Let w(t) = t - 3. Calculate w(-4).
-7
Let o(i) = -i**2 + 7*i + 14. Determine o(-6).
-64
Let i(f) = 2*f - 27. Give i(14).
1
Let g(w) = w**2 - 4. Determine g(2).
0
Let q(s) = 9*s + 12. What is q(-5)?
-33
Let x(k) = 13*k + 4. Determine x(3).
43
Let r(p) = p**2 - 9*p + 6. Give r(6).
-12
Let i(w) = 7*w**2 - 5*w. What is i(3)?
48
Let x(r) = -r**3 - 9*r**2 + 20*r - 18. Calculate x(-11).
4
Let d(t) = t**3 + 2*t**2 - 6*t - 10. Give d(-3).
-1
Let t(j) = -j**3 - 15*j**2 + 3*j + 28. Calculate t(-15).
-17
Let a(d) = 4*d**3 + 2*d**2 - d + 1. Calculate a(1).
6
Let d(m) = 31*m - 956. Give d(31).
5
Let b(s) = s**3 - 16*s**2 + 11*s - 16. Calculate b(15).
-76
Let f(a) = -a**3 + a**2 + 2*a + 3. What is f(0)?
3
Let v(c) = c**3 - 12*c**2 + 15*c - 15. What is v(11)?
29
Let d(w) = 5*w + 22. What is d(-9)?
-23
Let b(f) = -19*f. Give b(2).
-38
Let z(f) = f**2 + 14*f - 1. What is z(-12)?
-25
Let s(w) = -3*w + 18. What is s(-13)?
57
Let i(j) = -15*j - 335. What is i(-22)?
-5
Let h(y) = 2*y**2 + 48*y + 280. What is h(-13)?
-6
Let l(x) = 2*x**3 + 6*x**2 - 5*x + 7. Give l(-5).
-68
Let f(d) = -50*d - 1. Give f(-1).
49
Let m(j) = -j + 6. Calculate m(6).
0
Let f(g) = -27*g + 7. Determine f(2).
-47
Let u(k) = 2*k**2 - k + 1. What is u(2)?
7
Let v(k) = 2*k**3 - 9*k**2 - 4*k - 3. Give v(5).
2
Let c(b) = b + 9. Give c(-9).
0
Let u(p) = 3*p**2 + p + 5. Determine u(-2).
15
Let r(l) = -2*l. Determine r(11).
-22
Let i(s) = 2*s**2 + 28*s - 71. Give i(-16).
-7
Let f(r) = 6*r + 84. What is f(-10)?
24
Let x(a) = a**3 + 14*a**2 - 3*a - 18. Determine x(-14).
24
Let v(l) = -2*l + 4. Calculate v(9).
-14
Let c(z) = -16*z - 2. What is c(-2)?
30
Let w(d) = d**3 + 5*d**2 + 8*d + 4. Give w(-4).
-12
Let w(u) = 3*u**2 + 5*u. Give w(-4).
28
Let z(s) = -s**3 + 21*s**2 - 22*s + 35. Calculate z(20).
-5
Let i(d) = -d**2 + 6*d + 283. Calculate i(20).
3
Let q(o) = o**3 + 19*o**2 + 19*o + 22. What is q(-18)?
4
Let r(l) = 7*l + 27. What is r(0)?
27
Let i(g) = -4*g**2 + 8*g + 2. Calculate i(4).
-30
Let p(h) = -h**2 + 18*h - 31. Calculate p(17).
-14
Let k(q) = -q**3 - 7*q**2 - 4*q + 10. Calculate k(-6).
-2
Let l(g) = 2*g**3 + 13*g**2 + 2*g - 7. What is l(-6)?
17
Let g(k) = -k**3 + 3*k**2 + k - 2. What is g(2)?
4
Let p(w) = -2*w**2 + 4*w - 5. Dete